{"id":14,"date":"2025-04-08T14:42:34","date_gmt":"2025-04-08T12:42:34","guid":{"rendered":"https:\/\/ets-grenat.com\/?page_id=14"},"modified":"2025-11-17T21:22:52","modified_gmt":"2025-11-17T20:22:52","slug":"depannage-et-maintenance","status":"publish","type":"page","link":"https:\/\/ets-grenat.com\/index.php\/depannage-et-maintenance\/","title":{"rendered":"D\u00e9pannage et Maintenance"},"content":{"rendered":"\n<div class=\"wp-block-cover alignfull is-light\" style=\"min-height:76vh;aspect-ratio:unset;\"><img loading=\"lazy\" decoding=\"async\" width=\"1280\" height=\"1920\" class=\"wp-block-cover__image-background wp-image-108\" alt=\"\" src=\"https:\/\/ets-grenat.com\/wp-content\/uploads\/2025\/04\/taps-2937194_1920.jpg\" style=\"object-position:52% 70%\" data-object-fit=\"cover\" data-object-position=\"52% 70%\"\/><span aria-hidden=\"true\" class=\"wp-block-cover__background has-black-background-color has-background-dim-20 has-background-dim\"><\/span><div class=\"wp-block-cover__inner-container has-global-padding is-layout-constrained wp-block-cover-is-layout-constrained\">\n<h1 class=\"wp-block-heading has-text-align-center has-text-color has-system-font-font-family\" style=\"color:#ffffff;margin-top:0px;margin-bottom:32px;font-size:clamp(26.465px, 1.654rem + ((1vw - 3.2px) * 2.106), 45px);font-style:normal;font-weight:800;line-height:1\">DEPANNAGE <br>ET MAINTENANCE<\/h1>\n<\/div><\/div>\n\n\n\n<div style=\"height:36px\" aria-hidden=\"true\" class=\"wp-block-spacer\"><\/div>\n\n\n\n<p class=\"has-text-align-center has-custom-bleu-color has-text-color has-link-color has-inter-font-family wp-elements-2e71a8f79353cd70e9124226875fd26f\" style=\"font-size:clamp(14px, 0.875rem + ((1vw - 3.2px) * 0.227), 16px);\"><strong>ETS GRENA<\/strong>T assure la maintenance, le d\u00e9pannage et le diagnostic de tous types d\u2019installations de chauffage : chaudi\u00e8res \u00e0 granul\u00e9s, fioul, gaz, \u00e0 condensation, pompes \u00e0 chaleur, syst\u00e8mes a\u00e9rothermiques et g\u00e9othermiques, adoucisseurs, \u00e9quipements solaires thermiques ou encore po\u00eales \u00e0 granul\u00e9s.<\/p>\n\n\n\n<p class=\"has-text-align-center has-custom-bleu-color has-text-color has-link-color has-inter-font-family wp-elements-52e3a356e99ccca8cfe530967f378867\" style=\"font-size:clamp(14px, 0.875rem + ((1vw - 3.2px) * 0.227), 16px);\">Nous proposons des contrats d\u2019entretien con\u00e7us pour pr\u00e9venir les pannes, optimiser les performances et prolonger la dur\u00e9e de vie de vos \u00e9quipements.<\/p>\n\n\n\n<p class=\"has-text-align-center has-custom-bleu-color has-text-color has-link-color has-inter-font-family wp-elements-8f8c2d6ab8a94ad9ff0ed380ba1f4cb0\" style=\"font-size:clamp(14px, 0.875rem + ((1vw - 3.2px) * 0.227), 16px);\">En souscrivant \u00e0 un contrat d\u2019entretien <strong>ETS GRENAT<\/strong>, vous b\u00e9n\u00e9ficiez d\u2019un service de d\u00e9pannage r\u00e9actif, disponible du lundi au dimanche midi.<\/p>\n\n\n\n<div class=\"wp-block-cover alignfull is-light has-custom-color-2-color has-text-color\" style=\"margin-top:0px;margin-bottom:0px;padding-top:100px;padding-right:20px;padding-bottom:100px;padding-left:20px\"><span aria-hidden=\"true\" class=\"wp-block-cover__background has-custom-color-1-background-color has-background-dim-0 has-background-dim\"><\/span><div class=\"wp-block-cover__inner-container has-global-padding is-layout-constrained wp-container-core-cover-is-layout-47630ab8 wp-block-cover-is-layout-constrained\">\n<h2 class=\"wp-block-heading has-text-align-center has-text-color has-system-font-font-family\" style=\"color:#154f86;margin-top:0px;margin-right:0px;margin-bottom:16px;margin-left:0px;font-size:clamp(24.034px, 1.502rem + ((1vw - 3.2px) * 1.814), 40px);font-style:normal;font-weight:400;line-height:1.2\">D\u00e9pannages<\/h2>\n\n\n\n<hr class=\"wp-block-separator has-text-color has-alpha-channel-opacity has-background\" style=\"margin-top:0px;margin-bottom:50px;background-color:#f49819;color:#f49819\"\/>\n\n\n\n<div class=\"wp-block-columns is-layout-flex wp-container-core-columns-is-layout-4975bd65 wp-block-columns-is-layout-flex\" style=\"padding-right:var(--wp--preset--spacing--60);padding-left:var(--wp--preset--spacing--60)\">\n<div class=\"wp-block-column is-layout-flow wp-container-core-column-is-layout-fe0e2ea3 wp-block-column-is-layout-flow\">\n<figure class=\"wp-block-image size-full\"><a href=\"https:\/\/ets-grenat.com\/index.php\/entretien\/depannage\/\"><img loading=\"lazy\" decoding=\"async\" width=\"1400\" height=\"933\" src=\"https:\/\/ets-grenat.com\/wp-content\/uploads\/2025\/04\/Maintenance.jpg\" alt=\"\" class=\"wp-image-48\" style=\"aspect-ratio:4\/3;object-fit:cover\"\/><\/a><\/figure>\n\n\n\n<h4 class=\"wp-block-heading has-text-color has-system-font-font-family\" style=\"color:#154f86;margin-top:1.75rem;font-size:clamp(14.642px, 0.915rem + ((1vw - 3.2px) * 0.836), 22px);font-style:normal;font-weight:400\">Plomberie<\/h4>\n\n\n\n<p class=\"has-text-color has-inter-font-family\" style=\"color:#154f86;margin-bottom:0rem;font-size:clamp(14px, 0.875rem + ((1vw - 3.2px) * 0.227), 16px);\">ETS GRENAT intervient rapidement dans plusieurs domaines tels que la r\u00e9paration de fuite, d\u2019un chauffe-eau en panne, d\u2019un remplacement de robinetterie ou de toilettes.<\/p>\n\n\n\n<p class=\"has-text-color has-inter-font-family\" style=\"color:#154f86;margin-bottom:0rem;font-size:clamp(14px, 0.875rem + ((1vw - 3.2px) * 0.227), 16px);\">Nos interventions :&nbsp;<\/p>\n\n\n\n<p class=\"has-text-color has-inter-font-family\" style=\"color:#154f86;margin-bottom:0rem;font-size:clamp(14px, 0.875rem + ((1vw - 3.2px) * 0.227), 16px);\">&#8211; R\u00e9paration de fuites<br>&#8211; R\u00e9paration ou remplacement de chauffe-eau \u00e9lectrique<br>&#8211; Remplacement d\u2019appareillages sanitaires (mitigeurs, toilettes, lavabos, douche, baignoire, etc)<br>&#8211; Remplacement de robinets thermostatiques et\/ou de radiateurs<br>&#8211; Petits travaux de plomberie et de sanitaire<\/p>\n<\/div>\n\n\n\n<div class=\"wp-block-column is-layout-flow wp-container-core-column-is-layout-fe0e2ea3 wp-block-column-is-layout-flow\">\n<figure class=\"wp-block-image size-full\"><a href=\"https:\/\/ets-grenat.com\/index.php\/entretien\/maintenance\/\"><img loading=\"lazy\" decoding=\"async\" width=\"640\" height=\"427\" src=\"https:\/\/ets-grenat.com\/wp-content\/uploads\/2025\/04\/Chauffage-2.jpg\" alt=\"\" class=\"wp-image-46\" style=\"aspect-ratio:4\/3;object-fit:cover\"\/><\/a><\/figure>\n\n\n\n<h4 class=\"wp-block-heading has-text-color has-system-font-font-family\" style=\"color:#154f86;margin-top:1.75rem;font-size:clamp(14.642px, 0.915rem + ((1vw - 3.2px) * 0.836), 22px);font-style:normal;font-weight:400\">Chauffage<\/h4>\n\n\n\n<p class=\"has-text-color has-inter-font-family\" style=\"color:#154f86;font-size:clamp(14px, 0.875rem + ((1vw - 3.2px) * 0.227), 16px);\">Notre service de maintenance intervient toute l&rsquo;ann\u00e9e pour vous d\u00e9panner : y compris les weekends et jours f\u00e9ri\u00e9s durant la p\u00e9riode de chauffe sur les installations en contrat d&rsquo;entretien.<br><br>Que ce soit pour d\u00e9panner une chaudi\u00e8re, un syst\u00e8me solaire ou tout simplement mettre en route votre chauffage.<br><br>Nos interventions :<\/p>\n\n\n\n<p class=\"has-text-color has-inter-font-family\" style=\"color:#154f86;font-size:clamp(14px, 0.875rem + ((1vw - 3.2px) * 0.227), 16px);\">&#8211; D\u00e9pannage de chaudi\u00e8res fonctionnant au fioul, au gaz ou au bois (b\u00fbches ou granul\u00e9s)<br>&#8211; Remplacement de pi\u00e8ces<br>&#8211; Travaux hydrauliques en chaufferie<br>&#8211; D\u00e9sembouage de votre r\u00e9seau de chauffage<\/p>\n<\/div>\n<\/div>\n<\/div><\/div>\n\n\n\n<p class=\"has-text-align-center has-custom-bleu-color has-text-color has-link-color has-system-font-font-family wp-elements-cc33076152e837f5e857325cf415906b\" style=\"font-size:clamp(24.034px, 1.502rem + ((1vw - 3.2px) * 1.814), 40px);\">Maintenance<\/p>\n\n\n\n<hr class=\"wp-block-separator has-text-color has-custom-orange-color has-alpha-channel-opacity has-custom-orange-background-color has-background\"\/>\n\n\n\n<div class=\"wp-block-columns alignwide is-layout-flex wp-container-core-columns-is-layout-ca23dd7b wp-block-columns-is-layout-flex\" style=\"margin-top:100px;margin-bottom:70px\">\n<div class=\"wp-block-column is-layout-flow wp-block-column-is-layout-flow\" style=\"padding-top:0px;padding-right:0px;padding-bottom:0px;padding-left:0px\">\n<figure class=\"wp-block-image aligncenter size-full is-resized\"><img loading=\"lazy\" decoding=\"async\" width=\"1200\" height=\"1800\" src=\"https:\/\/ets-grenat.com\/wp-content\/uploads\/2025\/11\/photo-maintenance.jpeg\" alt=\"\" class=\"wp-image-538\" style=\"aspect-ratio:0.75;object-fit:cover;width:410px;height:auto\"\/><\/figure>\n<\/div>\n\n\n\n<div class=\"wp-block-column is-vertically-aligned-center is-layout-flow wp-container-core-column-is-layout-3ca914a4 wp-block-column-is-layout-flow\" style=\"flex-basis:56%\">\n<p class=\"has-text-color has-inter-font-family\" style=\"color:#154f86;padding-right:120px;font-size:clamp(14px, 0.875rem + ((1vw - 3.2px) * 0.227), 16px);\">Pour vous assurer une tranquillit\u00e9 d&rsquo;esprit et assurer une longue dur\u00e9e de vie \u00e0 votre installation, nous proposons des contrats d&rsquo;entretien annuels. Ainsi nous assurons l&rsquo;entretien et les d\u00e9pannages sur votre installation.<br><br>Nous vous rappelons que l&rsquo;entretien annuel de votre chaudi\u00e8re au fioul, au gaz ou au bois (b\u00fbches ou granul\u00e9s), mais \u00e9galement des po\u00eales \u00e0 granul\u00e9s est une obligation l\u00e9gale.<br><br>Le contrat d&rsquo;entretien des pompes \u00e0 chaleur est quant \u00e0 lui demand\u00e9 par les constructeurs pour conserver les garanties sur le mat\u00e9riel.<br>Ces obligations visent \u00e0 garantir les performances de votre installation et \u00e0 pr\u00e9venir les pannes. Il est donc essentiel de respecter ces d\u00e9lais pour assurer le bon fonctionnement de votre syst\u00e8me de chauffage.<br><br>Nos interventions :<br><br>&#8211; Chaudi\u00e8res au fioul, gaz ou bois (b\u00fbches ou granul\u00e9s)<br>&#8211; Pompes \u00e0 chaleur<br>&#8211; Syst\u00e8mes solaires thermique<br>&#8211; Adoucisseurs<\/p>\n\n\n\n<div class=\"wp-block-buttons is-layout-flex wp-block-buttons-is-layout-flex\">\n<div class=\"wp-block-button is-style-fill\"><a class=\"wp-block-button__link has-text-color has-background has-border-color has-inter-font-family has-custom-font-size wp-element-button\" href=\"https:\/\/ets-grenat.com\/index.php\/contact\/\" style=\"border-color:#839376;border-width:1px;color:#f49819;background-color:#f599181a;padding-top:11px;padding-right:30px;padding-bottom:11px;padding-left:30px;font-size:clamp(14px, 0.875rem + ((1vw - 3.2px) * 0.227), 16px);\" target=\"_blank\" rel=\"noreferrer noopener\">Parlez avec un expert<\/a><\/div>\n<\/div>\n<\/div>\n<\/div>\n\n\n\n<div style=\"height:60px\" aria-hidden=\"true\" class=\"wp-block-spacer\"><\/div>\n\n\n\n<div class=\"wp-block-cover alignfull\" style=\"margin-top:0;margin-bottom:0;padding-top:60px;padding-bottom:70px\"><span aria-hidden=\"true\" class=\"wp-block-cover__background has-custom-bleu-pale-background-color has-background-dim-100 has-background-dim\"><\/span><div class=\"wp-block-cover__inner-container has-global-padding is-layout-constrained wp-container-core-cover-is-layout-b6dde979 wp-block-cover-is-layout-constrained\">\n<div class=\"wp-block-columns is-layout-flex wp-container-core-columns-is-layout-df0ecb7a wp-block-columns-is-layout-flex\" style=\"margin-top:0px;margin-bottom:0px;padding-top:0px;padding-right:0px;padding-bottom:0px;padding-left:0px\">\n<div class=\"wp-block-column is-layout-flow wp-block-column-is-layout-flow\">\n<h4 class=\"wp-block-heading has-custom-bleu-color has-text-color has-system-font-font-family\" style=\"padding-bottom:40px;font-size:clamp(21.027px, 1.314rem + ((1vw - 3.2px) * 1.474), 34px);font-style:normal;font-weight:400;letter-spacing:-1px\">Un service de qualit\u00e9<\/h4>\n\n\n\n<p class=\"has-custom-bleu-color has-text-color has-inter-font-family\" style=\"padding-bottom:30px;font-size:clamp(14px, 0.875rem + ((1vw - 3.2px) * 0.227), 16px);line-height:1.7\">Nous vous proposons une s\u00e9lection de marques reconnues pour leur qualit\u00e9, \u00e0 des prix comp\u00e9titifs. Notre \u00e9quipe de d\u00e9pannage r\u00e9active et exp\u00e9riment\u00e9e intervient rapidement pour r\u00e9soudre tous vos probl\u00e8mes techniques, avec efficacit\u00e9 et professionnalisme.<\/p>\n\n\n\n<p class=\"has-custom-bleu-color has-text-color has-inter-font-family\" style=\"padding-bottom:30px;font-size:clamp(14px, 0.875rem + ((1vw - 3.2px) * 0.227), 16px);line-height:1.7\">Nous assurons \u00e9galement l\u2019installation compl\u00e8te\u00a0du mat\u00e9riel que nous vous fournissons, dans le respect des normes et de vos besoins. Et pour garantir la long\u00e9vit\u00e9 de vos \u00e9quipements, nous mettons \u00e0 votre disposition un service d\u2019entretien rigoureux et de qualit\u00e9.<\/p>\n<\/div>\n\n\n\n<div class=\"wp-block-column is-vertically-aligned-bottom is-layout-flow wp-block-column-is-layout-flow\" style=\"flex-basis:40%\">\n<div class=\"wp-block-columns is-layout-flex wp-container-core-columns-is-layout-9c22b1e3 wp-block-columns-is-layout-flex\">\n<div class=\"wp-block-column is-layout-flow wp-block-column-is-layout-flow\">\n<div class=\"wp-block-group is-vertical is-content-justification-center is-layout-flex wp-container-core-group-is-layout-feccf9d1 wp-block-group-is-layout-flex\" style=\"margin-bottom:60px\">\n<figure class=\"wp-block-image size-full is-resized is-style-rounded\"><img loading=\"lazy\" decoding=\"async\" width=\"300\" height=\"300\" src=\"https:\/\/ets-grenat.com\/wp-content\/uploads\/2025\/04\/Vente-Bleu-1.png\" alt=\"\" class=\"wp-image-210\" style=\"width:80px\"\/><\/figure>\n\n\n\n<p class=\"has-custom-bleu-color has-text-color has-inter-font-family\" style=\"font-size:13px;font-style:normal;font-weight:400\">Vente<\/p>\n<\/div>\n\n\n\n<div class=\"wp-block-group is-vertical is-content-justification-center is-layout-flex wp-container-core-group-is-layout-0a9e916c wp-block-group-is-layout-flex\">\n<figure class=\"wp-block-image size-full is-resized is-style-rounded\"><img loading=\"lazy\" decoding=\"async\" width=\"300\" height=\"300\" src=\"https:\/\/ets-grenat.com\/wp-content\/uploads\/2025\/04\/Installation-bleu-1.png\" alt=\"\" class=\"wp-image-208\" style=\"width:80px;height:undefinedpx\"\/><\/figure>\n\n\n\n<p class=\"has-custom-bleu-color has-text-color has-inter-font-family\" style=\"font-size:13px;font-style:normal;font-weight:400\">Installation<\/p>\n<\/div>\n<\/div>\n\n\n\n<div class=\"wp-block-column is-layout-flow wp-block-column-is-layout-flow\">\n<div class=\"wp-block-group is-vertical is-content-justification-center is-layout-flex wp-container-core-group-is-layout-feccf9d1 wp-block-group-is-layout-flex\" style=\"margin-bottom:60px\">\n<figure class=\"wp-block-image size-full is-resized is-style-rounded\"><img loading=\"lazy\" decoding=\"async\" width=\"300\" height=\"300\" src=\"https:\/\/ets-grenat.com\/wp-content\/uploads\/2025\/04\/De\u0301pannage-Bleu.png\" alt=\"\" class=\"wp-image-221\" style=\"object-fit:cover;width:80px;height:undefinedpx\"\/><\/figure>\n\n\n\n<p class=\"has-custom-bleu-color has-text-color has-inter-font-family\" style=\"font-size:13px;font-style:normal;font-weight:400\">D\u00e9pannage<\/p>\n<\/div>\n\n\n\n<div class=\"wp-block-group is-vertical is-content-justification-center is-layout-flex wp-container-core-group-is-layout-0a9e916c wp-block-group-is-layout-flex\">\n<figure class=\"wp-block-image size-full is-resized is-style-rounded\"><img loading=\"lazy\" decoding=\"async\" width=\"300\" height=\"300\" src=\"https:\/\/ets-grenat.com\/wp-content\/uploads\/2025\/04\/Entretien-Bleu.png\" alt=\"\" class=\"wp-image-218\" style=\"width:80px;height:undefinedpx\"\/><\/figure>\n\n\n\n<p class=\"has-custom-bleu-color has-text-color has-inter-font-family\" style=\"font-size:13px;font-style:normal;font-weight:400\">Entretien<\/p>\n<\/div>\n<\/div>\n<\/div>\n<\/div>\n<\/div>\n<\/div><\/div>\n\n\n\n<div class=\"wp-block-cover alignfull is-light has-custom-color-2-color has-text-color\" style=\"margin-top:0px;margin-bottom:0px;padding-top:100px;padding-right:20px;padding-bottom:100px;padding-left:20px;min-height:532px;aspect-ratio:unset;\"><span aria-hidden=\"true\" class=\"wp-block-cover__background has-white-background-color has-background-dim-0 has-background-dim\"><\/span><div class=\"wp-block-cover__inner-container has-global-padding is-layout-constrained wp-container-core-cover-is-layout-1667de05 wp-block-cover-is-layout-constrained\">\n<figure class=\"wp-block-image aligncenter size-full is-style-default wp-duotone-midnight\"><img decoding=\"async\" src=\"https:\/\/tyler.com\/wp-content\/uploads\/2023\/11\/svgviewer-output.png\" alt=\"\" class=\"wp-image-2223\"\/><\/figure>\n\n\n\n<h1 class=\"wp-block-heading has-text-align-center has-text-color has-inter-font-family\" style=\"color:#154f86;margin-bottom:2.5rem;font-size:clamp(16.293px, 1.018rem + ((1vw - 3.2px) * 0.989), 25px);font-style:normal;font-weight:400;letter-spacing:-2px;line-height:1.3\">GRENAT est une entreprise qui a toujours cultiv\u00e9 l\u2019esprit familial. Ayant grandi avec GRENAT, je suis attach\u00e9 \u00e0 ses valeurs et \u00e0 notre encrage local. La proximit\u00e9 avec nos clients et notre \u00e9quipe est notre priorit\u00e9.<\/h1>\n\n\n\n<figure class=\"wp-block-image aligncenter size-full is-resized\"><img loading=\"lazy\" decoding=\"async\" width=\"400\" height=\"400\" src=\"https:\/\/ets-grenat.com\/wp-content\/uploads\/2025\/11\/Fre\u0301de\u0301ric.png\" alt=\"\" class=\"wp-image-564\" style=\"width:145px\"\/><\/figure>\n\n\n\n<p class=\"has-text-align-center has-text-color\" style=\"color:#154f86;margin-top:16px;margin-bottom:0;font-size:14px;font-style:normal;font-weight:300\"><strong>Fr\u00e9d\u00e9ric Duffaud<\/strong><br>Directeur G\u00e9n\u00e9ral<\/p>\n<\/div><\/div>\n\n\n\n<div class=\"wp-block-cover alignfull is-light has-custom-color-2-color has-text-color\" style=\"margin-top:0;margin-bottom:0;padding-top:120px;padding-right:20px;padding-bottom:120px;padding-left:20px;min-height:50px;aspect-ratio:unset;\"><img loading=\"lazy\" decoding=\"async\" width=\"1280\" height=\"1920\" class=\"wp-block-cover__image-background wp-image-104\" alt=\"\" src=\"https:\/\/ets-grenat.com\/wp-content\/uploads\/2025\/04\/bathroom-8323836_1920.jpg\" style=\"object-position:39% 43%\" data-object-fit=\"cover\" data-object-position=\"39% 43%\"\/><span aria-hidden=\"true\" class=\"wp-block-cover__background has-white-background-color has-background-dim-80 has-background-dim\"><\/span><div class=\"wp-block-cover__inner-container has-global-padding is-layout-constrained wp-container-core-cover-is-layout-619827bf wp-block-cover-is-layout-constrained\">\n<h2 class=\"wp-block-heading has-text-align-center has-text-color has-system-font-font-family\" style=\"color:#154f86;font-size:clamp(24.034px, 1.502rem + ((1vw - 3.2px) * 1.814), 40px);font-style:normal;font-weight:400;letter-spacing:-2px;line-height:1.2\">Une demande sp\u00e9cifique ?<\/h2>\n\n\n\n<p class=\"has-text-align-center has-text-color has-inter-font-family\" style=\"color:#154f86;margin-bottom:2.5rem;font-size:clamp(14px, 0.875rem + ((1vw - 3.2px) * 0.341), 17px);font-style:normal;font-weight:400;line-height:1.9\">Contactez-nous, l\u2019\u00e9quipe ETS GRENAT se fera un plaisir de vous r\u00e9pondre et de vous accompagner.<\/p>\n\n\n\n<div class=\"wp-block-buttons is-content-justification-center is-layout-flex wp-container-core-buttons-is-layout-a89b3969 wp-block-buttons-is-layout-flex\">\n<div class=\"wp-block-button\"><a class=\"wp-block-button__link has-text-color has-background has-custom-font-size wp-element-button\" href=\"https:\/\/ets-grenat.com\/index.php\/contact\/\" style=\"border-width:1px;color:#ffffff;background-color:#f59918;padding-top:17px;padding-right:40px;padding-bottom:17px;padding-left:40px;font-size:clamp(14px, 0.875rem + ((1vw - 3.2px) * 0.227), 16px);line-height:1\" target=\"_blank\" rel=\"noreferrer noopener\">Nous contacter<\/a><\/div>\n<\/div>\n<\/div><\/div>\n","protected":false},"excerpt":{"rendered":"<p>ETS GRENAT assure la maintenance, le d\u00e9pannage et le diagnostic de tous types d\u2019installations de chauffage : chaudi\u00e8res \u00e0 granul\u00e9s, fioul, gaz, \u00e0 condensation, pompes \u00e0 chaleur, syst\u00e8mes a\u00e9rothermiques et g\u00e9othermiques, adoucisseurs, \u00e9quipements solaires thermiques ou encore po\u00eales \u00e0 granul\u00e9s. Nous proposons des contrats d\u2019entretien con\u00e7us pour pr\u00e9venir les pannes, optimiser les performances et prolonger [&hellip;]<\/p>\n","protected":false},"author":2,"featured_media":0,"parent":0,"menu_order":5,"comment_status":"closed","ping_status":"closed","template":"","meta":{"footnotes":""},"class_list":["post-14","page","type-page","status-publish","hentry"],"_links":{"self":[{"href":"https:\/\/ets-grenat.com\/index.php\/wp-json\/wp\/v2\/pages\/14","targetHints":{"allow":["GET"]}}],"collection":[{"href":"https:\/\/ets-grenat.com\/index.php\/wp-json\/wp\/v2\/pages"}],"about":[{"href":"https:\/\/ets-grenat.com\/index.php\/wp-json\/wp\/v2\/types\/page"}],"author":[{"embeddable":true,"href":"https:\/\/ets-grenat.com\/index.php\/wp-json\/wp\/v2\/users\/2"}],"replies":[{"embeddable":true,"href":"https:\/\/ets-grenat.com\/index.php\/wp-json\/wp\/v2\/comments?post=14"}],"version-history":[{"count":19,"href":"https:\/\/ets-grenat.com\/index.php\/wp-json\/wp\/v2\/pages\/14\/revisions"}],"predecessor-version":[{"id":596,"href":"https:\/\/ets-grenat.com\/index.php\/wp-json\/wp\/v2\/pages\/14\/revisions\/596"}],"wp:attachment":[{"href":"https:\/\/ets-grenat.com\/index.php\/wp-json\/wp\/v2\/media?parent=14"}],"curies":[{"name":"wp","href":"https:\/\/api.w.org\/{rel}","templated":true}]}}